42647.
1199
Calculate the greatest common divisor of 11 and 3831.
1
Calculate the greatest common divisor of 376 and 159988.
188
Calculate the highest common divisor of 45689 and 1281.
427
What is the greatest common factor of 1740 and 61860?
60
Calculate the highest common factor of 1992 and 1512.
24
What is the greatest common factor of 2581 and 24653?
89
What is the highest common divisor of 550 and 83650?
50
What is the greatest common divisor of 22536 and 243?
9
What is the greatest common divisor of 1428 and 708?
12
Calculate the greatest common divisor of 236952 and 48.
24
Calculate the greatest common factor of 60 and 1299.
3
What is the highest common divisor of 96165 and 90?
45
Calculate the highest common divisor of 19 and 2855453.
19
What is the highest common divisor of 1277121 and 669?
669
Calculate the greatest common divisor of 2832 and 1534.
118
What is the greatest common divisor of 598 and 1718353?
299
What is the highest common factor of 2688 and 70968?
24
What is the highest common divisor of 24508 and 88?
44
What is the greatest common factor of 10153 and 125983?
143
What is the highest common factor of 3632 and 128?
16
Calculate the highest common divisor of 568 and 52611.
71
Calculate the greatest common divisor of 399487 and 253.
253
What is the greatest common divisor of 240920 and 836?
76
What is the highest common divisor of 1320 and 89980?
220
Calculate the highest common divisor of 78 and 173576.
26
Calculate the highest common divisor of 30788 and 179716.
716
What is the highest common divisor of 246 and 21197?
41
What is the greatest common factor of 252 and 1687014?
126
Calculate the highest common factor of 115 and 114356.
23
Calculate the highest common divisor of 40498 and 2.
2
Calculate the greatest common factor of 12571 and 7527.
13
What is the greatest common factor of 10537 and 771?
257
What is the greatest common divisor of 1428 and 224?
28
Calculate the greatest common divisor of 277225 and 1950.
325
Calculate the highest common factor of 835032 and 528.
264
Calculate the greatest common divisor of 22661 and 78217.
731
Calculate the greatest common divisor of 8150 and 1350.
50
Calculate the highest common factor of 293509 and 7569.
841
What is the highest common divisor of 48525 and 3?
3
What is the highest common factor of 531 and 1246965?
177
Calculate the highest common divisor of 24 and 590.
2
What is the greatest common divisor of 291158 and 14?
14
Calculate the highest common divisor of 17721 and 225.
9
Calculate the highest common factor of 3374 and 322.
14
What is the greatest common factor of 4516210 and 10?
10
What is the greatest common factor of 60 and 101?
1
Calculate the highest common factor of 383139 and 81.
9
Calculate the greatest common divisor of 11085 and 9285.
15
Calculate the greatest common divisor of 6 and 591.
3
What is the highest common divisor of 18525 and 52?
13
Calculate the greatest common divisor of 40 and 480545.
5
Calculate the highest common divisor of 415 and 278963.
83
What is the greatest common divisor of 62 and 923831?
31
Calculate the highest common divisor of 36047 and 1276.
319
What is the greatest common divisor of 4337325 and 45?
45
Calculate the greatest common divisor of 13755 and 9807.
21
Calculate the highest common divisor of 105 and 4302165.
105
Calculate the highest common divisor of 1748 and 8924.
92
What is the highest common factor of 990 and 1125?
45
What is the greatest common divisor of 8001 and 3150?
63
What is the highest common factor of 16389 and 7891?
607
What is the greatest common divisor of 179475 and 15?
15
What is the highest common factor of 3652313 and 266?
133
Calculate the highest common factor of 8 and 853192.
8
What is the greatest common factor of 896 and 961408?
896
What is the highest common divisor of 370942 and 286?
286
What is the highest common factor of 223379 and 13?
13
Calculate the highest common divisor of 46 and 377614.
46
Calculate the greatest common factor of 13005 and 5.
5
Calculate the greatest common factor of 1184 and 2624.
32
What is the greatest common factor of 875 and 130725?
175
What is the greatest common factor of 270 and 55800?
90
Calculate the highest common divisor of 8219457 and 677.
677
Calculate the highest common divisor of 5542 and 306.
34
Calculate the highest common factor of 662 and 380981.
331
What is the greatest common divisor of 24234 and 882?
42
Calculate the greatest common factor of 9 and 2586.
3
Calculate the highest common factor of 179991 and 441.
63
Calculate the highest common factor of 55322 and 398.
398
Calculate the greatest common divisor of 2340418 and 2.
2
What is the greatest common factor of 18699 and 22632?
69
What is the greatest common factor of 12905 and 103685?
445
What is the greatest common divisor of 193971 and 498?
249
What is the greatest common factor of 20254 and 728?
26
What is the highest common factor of 1470 and 969710?
490
What is the greatest common divisor of 193510 and 1110?
370
Calculate the highest common factor of 43296 and 13332.
132
What is the greatest common divisor of 1347 and 8531?
449
Calculate the highest common factor of 53053 and 209.
11
Calculate the greatest common factor of 46 and 449282.
46
What is the greatest common factor of 772063 and 151?
151
Calculate the highest common divisor of 89 and 91136.
89
What is the greatest common divisor of 729 and 186264?
9
What is the highest common divisor of 52 and 1714154?
26
What is the highest common factor of 28772 and 5?
1
What is the highest common factor of 31135 and 390?
65
Calculate the highest common factor of 440 and 654280.
440
Calculate the highest common divisor of 38205 and 2835.
135
Calculate the highest common factor of 8701108 and 104.
52
What is the greatest common factor of 732621 and 57?
57
Calculate the highest common divisor of 4901 and 2873.
169
What is the highest common divisor of 1654 and 800?
2
What is the greatest common factor of 1967 and 3?
1
Calculate the greatest common factor of 29892 and 6837.
159
What is the greatest common divisor of 5456 and 19712?
176
Calculate the highest common divisor of 756 and 14526.
54
Calculate the greatest common factor of 1284 and 1161378.
642
What is the highest common divisor of 6752 and 960?
32
Calculate the greatest common divisor of 6401 and 5957.
37
What is the greatest common factor of 4290 and 8632?
26
What is the greatest common divisor of 2664 and 3096?
72
Calculate the highest common divisor of 537 and 46361.
179
What is the greatest common factor of 167312 and 352?
16
What is the highest common divisor of 5704 and 6696?
248
What is the greatest common divisor of 144 and 360432?
144
What is the greatest common factor of 16 and 14361520?
16
Calculate the greatest common divisor of 460 and 4414160.
460
What is the greatest common divisor of 214 and 535?
107
What is the highest common divisor of 7910 and 4382?
14
What is the greatest common divisor of 20 and 321130?
10
Calculate the greatest common factor of 182 and 221962.
26
Calculate the highest common factor of 303 and 144127.
101
Calculate the highest common divisor of 266396 and 141.
47
What is the greatest common divisor of 44 and 491788?
44
Calculate the greatest common factor of 450065 and 8624.
539
What is the highest common factor of 7202 and 1014?
26
Calculate the greatest common divisor of 113368 and 296.
296
What is the highest common divisor of 158 and 56643?
79
Calculate the greatest common divisor of 3182 and 407.
37
Calculate the greatest common divisor of 88355 and 205.
205
What is the greatest common factor of 111 and 1009?
1
What is the greatest common factor of 399 and 209?
19
What is the highest common factor of 156 and 94185?
39
What is the greatest common divisor of 7494 and 84?
6
What is the highest common factor of 20 and 97825?
5
What is the highest common factor of 56 and 5775560?
56
What is the greatest common factor of 9392 and 464?
16
Calculate the greatest common divisor of 201254 and 94.
94
Calculate the highest common factor of 83327 and 7281.
809
What is the highest common divisor of 516096 and 17472?
1344
Calculate the greatest common factor of 224 and 13696.
32
Calculate the highest common factor of 2824 and 384.
8
What is the great